*2 + 2*o. Suppose 3*z + 6031 - 6049 = 0, i - 30 = -5*z. Calculate g(i).
8
Let w(o) = 3*o**2 + 12. Let x(u) = 19*u**2 - 5*u + 70. Let h(l) = -6*w(l) + x(l). What is h(-6)?
64
Let s(g) be the second derivative of g**5/20 - g**4/3 - 5*g**3/6 - 13*g**2/2 + 6823*g. What is s(6)?
29
Let y(t) = -9*t + 72. Suppose i - 24 = 5*j, i + 2*j = -2*j - 3. Determine y(i).
-9
Let t(i) = -i**3 + 5*i**2 - 2*i + 2. Let q(l) = -2*l**3 + 24*l**2 - 20*l - 17. Let z(m) = m**3 + 2*m**2 - 5*m + 5. Let g be z(2). Let p be q(g). Calculate t(p).
-8
Let k(q) = -7*q**3 - 7*q**2 - 52*q + 14. Let d(n) = 6*n**3 + 7*n**2 + 40*n - 14. Let x(a) = -6*d(a) - 5*k(a). Determine x(-9).
-4
Let k be (-2)/(-12) + 414/108. Suppose -4*s - 4*q = -35 - 13, 0 = -k*s + q + 33. Let f(l) = -l**3 + 9*l**2 + 2*l + 3. Calculate f(s).
21
Let l be 0 - (12/(-9))/((-1)/(-3)). Suppose -l*w = -20*w + 10*w. Let d(g) be the third derivative of -g**4/24 - g**3/2 + g**2. Calculate d(w).
-3
Let v(u) = 1396 + 1445 + 2*u**2 - u**2 - 2807 - 7*u + 22*u. Calculate v(-8).
-22
Let c(d) = 12*d + 4. Let p(k) = -31*k + 771. Let a be p(25). Give c(a).
-44
Let s(n) = n + 1. Let x(c) = -6*c - 1. Let a(i) = -5*s(i) - x(i). Suppose 50 = -122*w + 127*w. Suppose -5*p + 3*o + w = -2*o, 3*o = -4*p + 15. Calculate a(p).
-1
Let a be ((-2072)/(-1813))/((-2)/28). Let c(p) = -3*p - 69. What is c(a)?
-21
Let z(b) = -7*b - 66. Suppose -59*l - 14 = -56*l + 4*y, -4*l = -y + 44. What is z(l)?
4
Suppose -46*r = 4*m - 44*r + 58, -5*m - 100 = -3*r. Let o(i) = 2*i**3 + 33*i**2 - 16*i + 23. What is o(m)?
6
Let b(q) = 26*q**2 - 574*q + 42. Let g be b(22). Let y(w) = -2*w**3 + w**2 + 2*w + 1. Determine y(g).
17
Suppose 80 = -4*v + 27 + 9. Let u(x) = -x**3 - 9*x**2 + 21*x - 10. Give u(v).
1
Let z be (8/12)/(1/9) + 0. Let y(i) be the first derivative of -3*i**2/2 + 6*i + 23. Calculate y(z).
-12
Let c = -15983 + 15917. Let d(q) = -4*q**2 - 263*q + 74. What is d(c)?
8
Let a(c) = -2*c**2 + 6*c - 1. Let i = -331 - -348. Suppose 3*u - 7 = -4*o, 0*u + i = 2*o - 3*u. Determine a(o).
-9
Suppose -53*c + 69 = -48*c - 4*t, 5*c + t - 89 = 0. Let b(g) = 0 + 2*g**2 + c*g - 18*g + 3 - 5. Give b(-2).
8
Let l(y) = -2906*y + 965*y + 971*y + 971*y - 17. Let f be (11 - 0) + 23 + -20. Give l(f).
-3
Let p(m) be the first derivative of -2*m**3/3 + 25*m**2/2 + 17*m - 2648. What is p(13)?
4
Let w(f) = f**2 - 9. Let x be w(0). Let j = 9 + x. Suppose j = l - 4*m + 9, -6*m = -2*m. Let g(b) = -b**3 - 9*b**2 - b + 1. Calculate g(l).
10
Let d(q) = -12 - 11 + 29 - 5 + 11*q. Determine d(-2).
-21
Let g(c) be the first derivative of c**3 - c**2/2 + 2*c + 1532. Let k(t) = -t**2 + t + 8. Let n be k(3). What is g(n)?
12
Let d(v) = -7*v**2 + 5*v - 25. Let z(b) = -2*b**2 - b + 6. Let h(f) = -d(f) - 4*z(f). What is h(-2)?
63
Let c(i) be the third derivative of i**4/8 - 113*i**3/6 + 1616*i**2 - i - 1. Give c(39).
4
Let z(k) = 63*k - 274. Let o(c) = -32*c + 140. Let h(u) = -5*o(u) - 3*z(u). Determine h(4).
6
Let u be 15972/(-77) - 9/(-21). Let x be (-253)/u + (-6)/27. Let n(b) = -24*b**3. Determine n(x).
-24
Suppose -2*t + 5*y - 19 = 0, 2*t - y + 297 = 298. Let n(p) be the second derivative of 2/3*p**t + 0 - 5*p + 0*p**2 + 1/12*p**4. Calculate n(-5).
5
Let i(p) = -63*p + 88. Let x(n) = 17*n. Let m(h) = -i(h) - 2*x(h). Determine m(3).
-1
Let v(j) = 3*j + 3. Let g(w) = 4*w**3 - 10*w**2 + 5*w - 14. Let x(u) = -u**3 + u**2 + 2*u + 1. Let o(l) = g(l) + 3*x(l). Let f be o(5). Give v(f).
-15
Let v(p) = 5*p**2 - p**3 - 144 + 2*p**3 - 8*p + 152 + 2*p**2. Let s(i) = 249*i - 257. Let w be s(1). What is v(w)?
8
Let g(w) = w. Let f = -24 - -21. Let b be 1/f - ((-67)/3 + 2). Let l = -26 + b. What is g(l)?
-6
Let q(c) = -c**2 + 3*c + 4. Let k be q(4). Let s(n) = 2*n + 730. Let f(t) = 91. Let z(g) = -8*f(g) + s(g). Give z(k).
2
Let c(w) = -33*w**3 - w. Suppose -29*k = -26*k + 849. Let o = k + 282. Calculate c(o).
34
Let d(y) = 2*y**3 - 2*y**2 + 4*y. Suppose -49*j + 60*j - 418 = 0. Suppose 0 = j*k + 18 - 132. What is d(k)?
48
Let j(t) = -2*t - 43. Let q(h) = 17. Let b(f) = -j(f) - 3*q(f). Let p(s) = -s**2 - 8*s - 1. Let i be p(-7). Calculate b(i).
4
Let h = -1653 + 1650. Let i be 13/h - 25/15. Let f(g) be the first derivative of -g**2/2 - 5*g + 1. Calculate f(i).
1
Let d(q) = q - 5. Suppose 0 = -15*k - 560 + 740. Give d(k).
7
Let k(j) = -4*j + 2. Let d(u) = -u**2 + 34*u - 175. Let h be d(27). What is k(h)?
-54
Let w = -4170 + 4170. Let c(n) be the first derivative of n**2/2 - 2*n + 1. Determine c(w).
-2
Let n be 5 + (-8)/(8/343). Let p = 332 + n. Let m(w) = -6*w**2 + 19*w - 29. Let u(q) = -q**2 + 4*q - 6. Let b(k) = -2*m(k) + 11*u(k). Give b(p).
-8
Let z(s) = -11*s**2 - 63*s - 24*s**2 - 5 - s**2 + 68*s. Give z(1).
-36
Let f(g) = -g**3 + 6*g**2 + 8. Suppose 4*k - 9 = -1. Let q(o) = 8 + 8 - 16 + k*o. Let z be q(3). Give f(z).
8
Let o(j) = -24*j**2 - 46*j + 92. Let h(s) = 37*s**2 + 45*s - 93. Let x(l) = 2*h(l) + 3*o(l). Give x(22).
2
Suppose -8*i - 78 = -21*i. Let a(v) = -9*v**3 - v. Let j(q) = -11*q**3 - q**2 - 2*q - 1. Let y(o) = -5*a(o) + 4*j(o). Give y(i).
50
Suppose -6*n - 53 - 19 = 0. Let a(v) be the third derivative of v**6/120 + 11*v**5/60 - 11*v**4/24 + 7*v**3/3 - 2*v**2 + 3. Determine a(n).
2
Suppose -2*g = -5*g + 24. Let f(z) = -3*z - 1. Let v(c) = 7*c - 1. Let o(b) = 6*f(b) + 3*v(b). Calculate o(g).
15
Suppose -i - 11 = -4. Let b(z) = -218*z - 12. Let h(l) = -125*l - 7. Let k(o) = 4*b(o) - 7*h(o). What is k(i)?
-20
Let d be 47/(11280/1104) - (16/10 + -1). Let o(r) = r**2 - 2*r + 4. What is o(d)?
12
Let f(j) = -j**3 - 4*j**2 + j + 1. Let p(i) = 3*i + 44. Suppose b - 3*z + 15 = 0, 2*b = -2*z + z + 5. Let k be p(b). Let u = k + -48. What is f(u)?
-3
Let v(b) = -b**3 + 2*b**2 + 3*b - 2. Let q = -19 - -18. Let u be (q - -6)*16/(-20). Let h be (3 - -3)/((-4)/u - -1). Determine v(h).
-2
Let n(d) be the third derivative of -d**6/720 + d**5/40 + 5*d**4/3 - 50*d**2. Let a(p) be the second derivative of n(p). Let t = 21 + -13. What is a(t)?
-5
Let u(n) = -23*n - 24*n - 5*n + 2 - 16*n + 67*n. Let y be (-2)/4*(-1 - 57). Let d = -21 + y. What is u(d)?
-6
Let j(s) = -3*s**2 + 2*s + 1. Let v = 2567 - 2565. Give j(v).
-7
Suppose -4*y - 5*h = -3*y + 16, -16 = -2*y + 2*h. Let l(a) = a**2 - 28*a - 58. Let v be l(30). Let d(z) = v*z + 2*z - 3*z. Calculate d(y).
4
Let d = -2 + -5. Let m(i) = 1 - 6129*i - 2 + 6128*i. Calculate m(d).
6
Let g be 2/(-9) + (1840/36)/5. Let q(k) = k**2 + k**2 + 9 - k**2 + g*k. Calculate q(-7).
-12
Let f be (0 - 6)*(-23)/46. Let i(y) = -3*y + 6. Give i(f).
-3
Let u(o) = 2*o**3 - o**2 - 4*o + 3. Let s be u(2). Suppose 4*j = -s*j + 9*j. Let c(h) = -h**2 + h - 2. Determine c(j).
-2
Let q = -39928 + 39950. Let r(w) = -w**3 + 18*w**2 + 84*w + 94. What is r(q)?
6
Let l be (-207)/(7 + -4)*(-8)/(-6). Let k = l - -94. Suppose 8 = 5*m - 0*m - k*h, 0 = -3*m - h - 4. Let y(s) = -s**3 + s**2 - 3. Calculate y(m).
-3
Let m(d) = d**3 - d**2 + d. Suppose -5*p - 3*g = -g - 52, p + 2*g = 4. Suppose -6*u = -2*u - p. Suppose 3*n - 2*a - u*a = 4, -5*a - 12 = n. Determine m(n).
-14
Let m be ((-132)/(-33)*(-2 - (-3 - 0)))/2. Let t(d) = -18*d**2 - 3*d + 12. Determine t(m).
-66
Let u be 30/(-20)*(16/24)/1 - -3. Let z(m) = -m**3 + m**2 + 2*m + 1. Give z(u).
1
Let a(j) = 2*j + j + 3 - 4 - 17*j. Suppose -5*x = 2*d + 70 - 86, -2*x = -d - 1. Determine a(x).
-29
Let v(t) = 36*t + 170. Let u be v(6). Let a(q) = -4 + 1162*q - u*q - 388*q - 386*q. Let d(x) = -x**3 + 7*x**2 - 6*x + 3. Let j be d(6). What is a(j)?
2
Let l be (4/(-3))/(19 + 366/(-18)). Let g(a) = 42*a + 2. Calculate g(l).
44
Let i be (-66)/21 - (-2)/14. Let r(s) = 4*s**3 + s**2 - 4*s + 26. Let z(q) = 11*q**3 + 3*q**2 - 11*q + 79. Let y(d) = i*z(d) + 8*r(d). Determine y(0).
-29
Let m(p) = -p**3 - 26*p**2 + 34*p + 179. Let t be m(-27). Let h(q) = q**2 + 7*q - 18. What is h(t)?
12
Suppose -3*p - w + 40 = 0, -3*w + 48 = 4*p + w. Suppose 0 = n + 6*n - p. Let d(h) = 0*h + 6*h - 14*h + 9 - h**2 + n*h**2. What is d(7)?
2
Let j(f) be the first derivative of 3*f**2/2 - 23*f + 1942. What is j(-12)?
-59
Suppose 22*h - 480 = -304. Let k(y) = 10*y + 22 + h*y - 33*y + 14*y. Let j be 0 - (1/1 + -11). Give k(j).
12
Let g(j) = -j**2. Let b be g(0). Let v(n) = 2*n**2 + 13*n + 102. Let c(h) = h**2 + 7*h + 52. Let u(o) = 11*c(o) - 6*v(o). Calculate u(b).
-40
Suppose -r + 8 = 3*r